 a?
3
Suppose 29*i - 31*i = 3*h - 3, 5*h - 4 = -3*i. Suppose -2876 = -3*p + 5*b, -b + 2884 = i*p - 2*b. What is the units digit of p?
2
Let y(t) = -1707 + 13*t**2 + 15*t + 1699 - 14*t**2 + 8*t. Suppose -20 - 15 = -5*z - 3*o, 0 = -2*z - o + 15. What is the units digit of y(z)?
2
What is the hundreds digit of 13/(-7) + 1 - 61681356/(-2289)?
9
Let y(n) = 180*n**2 + 12*n + 83. What is the hundreds digit of y(-4)?
9
Let r = 56389 - 33854. What is the hundreds digit of r?
5
Let r = 22267 - 7745. What is the tens digit of r?
2
Suppose 4*w - 2*u - 3*u = -5, 25 = 2*w + 3*u. Suppose 3*s - w*s = 0. What is the units digit of (-180)/(-105)*(s + 28)?
8
Suppose -59242 = -3*d - 13235 + 26368. What is the units digit of d?
5
Suppose 3*c + 66 = 4*l, -29 - 33 = -4*l + c. Let h(v) = 4*v**2 + 20*v + 37. What is the thousands digit of h(l)?
1
Suppose -3*u + 44733 = 5*s, 15195 + 11610 = 3*s - 4*u. What is the tens digit of s?
4
Let q(y) = 2*y - 132 + 12*y + y**2 + y - 2*y. What is the units digit of q(-25)?
8
Let i(m) = -3*m**2 + 67*m + 69. Let q be i(29). Let u = q + 1478. What is the tens digit of u?
6
Suppose 6*f - 32089 = -8521. What is the thousands digit of f?
3
Let l be ((-54)/(-4))/((-1)/(8/6)). Let j = l + -26. What is the units digit of (7 + 2)*j/(-6)?
6
Let y(d) be the third derivative of 3*d**5/10 - 5*d**2. Suppose -11*q = q - 12. What is the tens digit of y(q)?
1
Let t = -13 - 2. Let x(z) = 757 + 4*z - 748 - 5*z. What is the units digit of x(t)?
4
Let a = -19695 + 34472. What is the hundreds digit of a?
7
Let a be 0/5 + (-14)/(-1). Let l be (-2)/a + -143*9/7. Let y = l + 284. What is the hundreds digit of y?
1
Let k = 3610 + 1473. Suppose 0 = -6*y + 5381 + k. What is the thousands digit of y?
1
Suppose -16*z + 12*z = -2640. Suppose 0 = -63*o + 66*o - z. Suppose 0 = 3*y - 9, 1186 + o = 5*q - 3*y. What is the units digit of q?
3
Let u(i) = 22 + 10 - 14 + 23*i. Let b be u(8). Let k = b + -60. What is the units digit of k?
2
Let w(s) = -s**3 - 16*s**2 + 2*s + 35. Let x be w(-16). Suppose 4*v + x*z - 8*z = 168, 5*z = -5*v + 210. What is the tens digit of v?
4
Suppose 9*r - 4*u - 20 = 5*r, -2*u - 8 = -r. Let v be ((2 - -1)/(-1) - 1) + r. What is the tens digit of (-14)/5 - v - (-2877)/15?
9
Suppose 18*c + 75 = 13*c. What is the hundreds digit of 1 + 10/c*-3 + 619?
6
Let r = -58 + 59. What is the hundreds digit of 975 - 40/(-6 + r)?
9
Let i = 26 - 23. Suppose 2*q = 3*x + 22, 0*q - 2*q = i*x + 26. Let s(a) = -a**3 - 8*a**2 - 21*a - 14. What is the hundreds digit of s(x)?
1
Suppose 4*a - 4*v = 41492, -86 = 3*a - v - 31213. What is the ten thousands digit of a?
1
Let g(t) = 5*t - 12. Suppose -3*d = z - 14 + 5, 2*z = 2*d - 6. Let w be g(d). Suppose 2*p - w*l = 49, 0*p - 3*p + 81 = 3*l. What is the units digit of p?
6
Let y = 3599 - -324. What is the hundreds digit of y?
9
Suppose 11*t - 6 = 14*t. Let p be 55/(-2)*t*54/18. Suppose 11*v - 6*v - p = 0. What is the units digit of v?
3
Let a(h) = -5*h + 20. Suppose 1 = -3*s - 20. Let d be a(s). What is the tens digit of (0 + d)/((-12)/(-12))?
5
Let o(v) = 62*v**2 - v - 3. Let k be o(-2). Let x = k + -139. Suppose 0 = -8*y - x + 708. What is the units digit of y?
5
Let a(s) = 11989*s**2 + 32*s - 2. What is the ten thousands digit of a(1)?
1
Let c(z) be the third derivative of -109*z**4/24 + z**3/2 - 9*z**2. Let x be c(-3). What is the units digit of x/(-8)*(-7 + (-39)/(-9))?
0
Let o = 648 + -358. What is the units digit of (12/(-72) + o/12)*8?
2
Let o = -22 - -31. Suppose -33 = -3*t + 4*z - z, 3*t = -5*z + o. What is the tens digit of 4*15*t/6 + -4?
7
Let c(t) = -t**3 - 2*t**2 + 11*t - 3. Let o(n) = 6*n + 11. Let x be o(-10). Let r = -55 - x. What is the units digit of c(r)?
5
Suppose 2*l + 15 = 5*g, -2*g + 25 = l + 2*g. Suppose -l*p + 1010 = -3*p. What is the units digit of p?
5
Suppose -2*i - 8340 = 8756. What is the tens digit of i/(-18) + (-1)/(-9)?
7
Let y(x) = 125*x**2 - 59*x - 29. What is the hundreds digit of y(9)?
5
Let b(i) = 2*i**3 + i**2 + 15*i - 50. Let k be b(3). Suppose -2*s + 688 = v, 2*s = -5*v + 3514 - k. What is the units digit of v?
2
Let q = -151 + 1775. What is the hundreds digit of q?
6
Suppose -5*l + 30 = a, 0*a + 2*a + 12 = 2*l. Suppose -4*x + 1319 = 3*v - l*v, 3*v + 1645 = 5*x. What is the units digit of x?
6
Suppose 31*t = 32*t - 8. Let w(o) = -o - 3. Let x be w(t). Let p = -8 - x. What is the units digit of p?
3
Let q be 1238 - ((-60)/5)/3. Suppose -q = 5*n + n. Let r = -32 - n. What is the units digit of r?
5
Suppose 60264 = -64*a + 95*a. Suppose -18*o + 17*o = -4*j - 393, j = -5*o + a. What is the hundreds digit of o?
3
Let o(f) be the second derivative of 5*f**4/3 - 3*f**3 - 29*f**2/2 + f - 90. What is the units digit of o(-5)?
1
Let s(c) = -23*c**3 - c - 2. Let g be s(-1). Let t be (-5)/(-10) + (2 - g/(-4)). Suppose l - t - 64 = 0. What is the units digit of l?
2
Let b(d) = 3*d + 3*d**2 - 4 + 2 + d**2. Let s = 672 + -675. What is the tens digit of b(s)?
2
Suppose 2*a = -6470*k + 6468*k + 5202, -4*a = -3*k - 10348. What is the hundreds digit of a?
5
What is the tens digit of 0 + 440037/27 + 16/(-6)?
9
Let m(j) = 5*j**3 - 12*j**2 - 6*j + 18. Let k(t) = -15*t**3 + 35*t**2 + 18*t - 53. Let o(z) = 6*k(z) + 17*m(z). What is the hundreds digit of o(-5)?
7
Let p(c) = -27*c + 106. Let u(d) = 27*d - 113. Let h(b) = 4*p(b) + 3*u(b). What is the tens digit of h(-26)?
8
Let t(l) = 8*l**2 + 24*l - 14. Let j be t(5). What is the tens digit of (j - 0) + (-3 - 6)/9?
0
Let v(i) = -i**2 + 3*i + 147. Suppose 0*h + h + 73 = 0. Let t = -73 - h. What is the units digit of v(t)?
7
What is the tens digit of (5808/(-28))/(14/(-2695))?
3
Let z(j) = -j**2 + 4*j + 4. Let l be z(4). Let k be -4 + (-9 + 8 - -5). Suppose k = 4*p - 0*y - l*y - 732, -4*y + 584 = 3*p. What is the units digit of p?
8
Let f = 173349 + -98832. What is the units digit of f?
7
Suppose -3*p - 5*s - 90 = -6*p, 2*p - 4*s - 58 = 0. Suppose p = -3*q + 41. Suppose 2*k - 3*v - 262 = -7*v, -5*v - 253 = -q*k. What is the hundreds digit of k?
1
Let t = -3835 + 5358. What is the thousands digit of t?
1
Suppose -37466 = -5*p - l, -74*l = -2*p - 72*l + 14984. What is the hundreds digit of p?
4
Suppose g - 2*d = -6*d + 70, -3*g = -3*d - 270. Suppose 0 = -t - 2*c + g + 102, -2*c = 3*t - 548. Suppose -12 + t = 6*n. What is the units digit of n?
8
Let m = 8802 - 4618. What is the hundreds digit of m?
1
Suppose 2*z + 49 + 3 = 0. Let l = z - -31. Suppose -2*h + 25 = 2*b - 3*h, -l*h = -4*b + 41. What is the units digit of b?
4
What is the hundreds digit of ((1242/161)/((-6)/460))/((-2)/203)?
0
Let k(v) = -v**2 + 11*v - 9. Let c be k(7). Let i(m) = m**3 - 18*m**2 - 5*m + 47. What is the hundreds digit of i(c)?
3
Suppose -7*m - 3 = -3. Suppose 2*d - 10*d + 8 = m. What is the tens digit of 380/30*(d - -2)?
3
Let s be (-18)/14 + (948/84 - 11). What is the units digit of (-6)/s - (-14 + 7 - 616)?
9
Let k(x) = x**3 + 2*x**2 + 373. Let i be k(0). Suppose 3053 = 2*g + i. What is the tens digit of g?
4
Let r(b) = 2*b**2 - 20. Let z be r(6). Let y = z - -54. What is the units digit of y?
6
Let t = -9609 - -16215. What is the units digit of t?
6
Let m(a) = -a**3 - 9*a**2 - 9*a - 5. Let y be m(-8). Suppose -5*s + 204 = -3*s. Let o = s + y. What is the hundreds digit of o?
1
Suppose 5*q - 2*l + 4*l = 13, -2*q + 5*l + 11 = 0. Suppose v + m = 11, 4*m + 3 - 5 = q*v. What is the units digit of v?
6
Suppose 435 + 1853 = 16*q. Suppose -3*t = 3*r - q - 4, -211 = -4*r - t. What is the tens digit of r?
5
Let a be 1/(531/(-3766) + 4/28). Let y = 1604 - a. What is the units digit of y?
6
Let j(k) = 70*k**2 + 286*k - 9. What is the hundreds digit of j(6)?
2
Suppose -3*q - p + 24422 = 0, -8*q + 7*q + 8140 = p. Suppose 0 = -227*h + 234*h - q. What is the tens digit of h?
6
What is the hundreds digit of ((-76)/76)/(3/(-9015))?
0
Suppose 34*y - 30*y = -32. Let p be -1*(-2)/(-1) - (y - -4). Suppose 8*k - 273 = -t + 11*k, 3*t - 826 = p*k. What is the units digit of t?
6
Let x = 16 + 150. Suppose 168*h = x*h + 800. What is the units digit of h?
0
Let p(c) = 10*c**2 - 67*c - 1160. What is the hundreds digit of p(-23)?
6
Suppose 0 = 4*a - 4*o - 29644, 179*o + 20 = 184*o. What is the units digit of a?
5
Suppose 0 = 5*q - 2*n - 5743, q - 3*n + 1135 = 2*q. Let o = q - -40. What is the hundreds 